nder when 40 is divided by 4?
0
What is the remainder when 889 is divided by 866?
23
What is the remainder when 1778 is divided by 104?
10
What is the remainder when 5 is divided by 5?
0
Calculate the remainder when 421 is divided by 37.
14
Calculate the remainder when 550 is divided by 12.
10
What is the remainder when 19 is divided by 10?
9
Calculate the remainder when 155 is divided by 36.
11
Calculate the remainder when 182 is divided by 23.
21
Calculate the remainder when 467 is divided by 52.
51
What is the remainder when 2061 is divided by 1028?
5
Calculate the remainder when 3291 is divided by 117.
15
Calculate the remainder when 10439 is divided by 116.
115
What is the remainder when 883 is divided by 20?
3
What is the remainder when 257 is divided by 13?
10
What is the remainder when 71 is divided by 26?
19
What is the remainder when 318 is divided by 28?
10
What is the remainder when 3686 is divided by 185?
171
What is the remainder when 188 is divided by 28?
20
What is the remainder when 451 is divided by 26?
9
Calculate the remainder when 339 is divided by 19.
16
What is the remainder when 1377 is divided by 433?
78
What is the remainder when 253 is divided by 252?
1
What is the remainder when 1152 is divided by 11?
8
Calculate the remainder when 46 is divided by 31.
15
What is the remainder when 144 is divided by 25?
19
What is the remainder when 434 is divided by 54?
2
What is the remainder when 498 is divided by 378?
120
Calculate the remainder when 10408 is divided by 29.
26
Calculate the remainder when 361 is divided by 14.
11
Calculate the remainder when 112 is divided by 21.
7
Calculate the remainder when 156 is divided by 52.
0
Calculate the remainder when 43 is divided by 22.
21
Calculate the remainder when 1392 is divided by 665.
62
What is the remainder when 796 is divided by 29?
13
Calculate the remainder when 323 is divided by 15.
8
Calculate the remainder when 139 is divided by 54.
31
Calculate the remainder when 333 is divided by 84.
81
What is the remainder when 327 is divided by 30?
27
Calculate the remainder when 664 is divided by 9.
7
What is the remainder when 908 is divided by 898?
10
Calculate the remainder when 111 is divided by 37.
0
Calculate the remainder when 269 is divided by 70.
59
What is the remainder when 92 is divided by 24?
20
Calculate the remainder when 242 is divided by 49.
46
What is the remainder when 119 is divided by 11?
9
Calculate the remainder when 133 is divided by 131.
2
Calculate the remainder when 166 is divided by 4.
2
What is the remainder when 841 is divided by 84?
1
Calculate the remainder when 359 is divided by 43.
15
Calculate the remainder when 3394 is divided by 110.
94
What is the remainder when 61 is divided by 28?
5
Calculate the remainder when 2508 is divided by 251.
249
What is the remainder when 136 is divided by 39?
19
What is the remainder when 170 is divided by 3?
2
Calculate the remainder when 59 is divided by 33.
26
What is the remainder when 207 is divided by 36?
27
What is the remainder when 34 is divided by 6?
4
What is the remainder when 400 is divided by 40?
0
What is the remainder when 446 is divided by 56?
54
What is the remainder when 896 is divided by 286?
38
Calculate the remainder when 3943 is divided by 263.
261
Calculate the remainder when 89 is divided by 32.
25
What is the remainder when 3056 is divided by 51?
47
Calculate the remainder when 7015 is divided by 15.
10
Calculate the remainder when 66 is divided by 49.
17
Calculate the remainder when 273 is divided by 40.
33
What is the remainder when 698 is divided by 20?
18
Calculate the remainder when 722 is divided by 225.
47
Calculate the remainder when 254 is divided by 34.
16
Calculate the remainder when 32 is divided by 10.
2
What is the remainder when 1233 is divided by 10?
3
What is the remainder when 1696 is divided by 830?
36
What is the remainder when 945 is divided by 13?
9
Calculate the remainder when 351 is divided by 51.
45
Calculate the remainder when 18809 is divided by 10.
9
Calculate the remainder when 152 is divided by 39.
35
What is the remainder when 3304 is divided by 5?
4
Calculate the remainder when 56 is divided by 17.
5
What is the remainder when 2110 is divided by 11?
9
Calculate the remainder when 54 is divided by 10.
4
Calculate the remainder when 597 is divided by 16.
5
What is the remainder when 207 is divided by 71?
65
What is the remainder when 1477 is divided by 4?
1
Calculate the remainder when 3866 is divided by 129.
125
Calculate the remainder when 784 is divided by 82.
46
Calculate the remainder when 17 is divided by 12.
5
Calculate the remainder when 24 is divided by 9.
6
Calculate the remainder when 532 is divided by 302.
230
What is the remainder when 130 is divided by 43?
1
What is the remainder when 406 is divided by 406?
0
Calculate the remainder when 203 is divided by 48.
11
Calculate the remainder when 37206 is divided by 237.
234
Calculate the remainder when 1740 is divided by 134.
132
Calculate the remainder when 87 is divided by 13.
9
What is the remainder when 6043 is divided by 5?
3
Calculate the remainder when 4261 is divided by 21.
19
What is the remainder when 68 is divided by 7?
5
What is the remainder when 854 is divided by 115?
49
What is the remainder when 407 is divided by 45?
2
Calculate the remainder when 491 is divided by 84.
71
Calculate the remainder when 598 is divided by 25.
23
Calculate the remainder when 102 is divided by 23.
10
Calculate the remainder when 53531 is divided by 29.
26
Calculate the remainder when 312 is divided by 34.
6
What is the remainder when 1716 is divided by 428?
4
Calculate the remainder when 117 is divided by 57.
3
Calculate the remainder when 434 is divided by 111.
101
Calculate the remainder when 35 is divided by 5.
0
What is the remainder when 350 is divided by 35?
0
Calculate the remainder when 280 is divided by 95.
90
Calculate the remainder when 59 is divided by 8.
3
What is the remainder when 1203 is divided by 25?
3
Calculate the remainder when 172 is divided by 44.
40
Calculate the remainder when 54447 is divided by 165.
162
What is the remainder when 508 is divided by 6?
4
What is the remainder when 2590 is divided by 144?
142
What is the remainder when 9394 is divided by 22?
0
Calculate the remainder when 2299 is divided by 92.
91
What is the remainder when 315 is divided by 10?
5
Calculate the remainder when 71 is divided by 7.
1
What is the remainder when 58 is divided by 43?
15
What is the remainder when 1553 is divided by 6?
5
What is the remainder when 1987 is divided by 38?
11
What is the remainder when 124 is divided by 21?
19
What is the remainder when 94 is divided by 51?
43
What is the remainder when 112 is divided by 23?
20
What is the remainder when 1437 is divided by 15?
12
What is the remainder when 73 is divided by 53?
20
What is the remainder when 92 is divided by 25?
17
Calculate the remainder when 566 is divided by 185.
11
What is the remainder when 585 is divided by 43?
26
Calculate the remainder when 11887 is divided by 41.
38
Calculate the remainder when 95 is divided by 12.
11
What is the remainder when 683 is divided by 294?
95
Calculate the remainder when 406 is divided by 58.
0
Calculate the remainder when 255 is divided by 89.
77
What is the remainder when 1732 is divided by 297?
247
Calculate the remainder when 426 is divided by 117.
75
What is the remainder when 531 is divided by 45?
36
What is the remainder when 4550 is divided by 34?
28
What is the remainder when 135 is divided by 3?
0
Calculate the remainder when 83 is divided by 42.
41
What is the remainder when 309 is divided by 31?
30
Calculate the remainder when 242 is divided by 28.
18
Calculate the remainder when 10596 is divided by 31.
25
Calculate the remainder when 3563 is divided by 198.
197
Calculate the remainder when 2067 is divided by 205.
17
Calculate the remainder when 6322 is divided by 122.
100
Calculate the remainder when 297 is divided by 20.
17
What is the remainder when 5757 is divided by 45?
42
What is the remainder when 111 is divided by 28?
27
Calculate the remainder when 6 is divided by 5.
1
What is the remainder when 49 is divided by 5?
4
What is the remainder when 373 is divided by 3?
